{"id":488,"date":"2021-05-25T11:01:51","date_gmt":"2021-05-25T11:01:51","guid":{"rendered":"http:\/\/celther.home.pl\/wwwcelther\/index.php\/produkt\/shecell-dermatologic-skora-odwodniona\/"},"modified":"2021-07-22T09:30:23","modified_gmt":"2021-07-22T09:30:23","slug":"shecell-dermatologic-skora-odwodniona","status":"publish","type":"product","link":"https:\/\/celther.com\/index.php\/produkt\/shecell-dermatologic-skora-odwodniona\/","title":{"rendered":"Shecell dermatologic SK\u00d3RA ODWODNIONA"},"content":{"rendered":"<p><!--StartFragment--><!--StartFragment--><\/p>\n<p><strong><strong>W dn. 28.04-31.05 przy zakupie kremu z serii SHECELL Dermatologic otrzymasz zawieszk\u0119 z serduszkiem Swarovskiego GRATIS.<br \/>\nKolory zawieszek s\u0105 dobierane losowo, a produkty dodawane s\u0105 automatycznie do koszyka.<\/strong><\/strong><\/p>\n<p><strong><strong>Dystrybutor:\u00a0<\/strong><\/strong>Przedsi\u0119biorstwo Farmaceutyczne LEK-AM SP.Z O.O<br \/>\n<strong><strong>Pojemno\u015b\u0107: <\/strong><\/strong>40 ml<\/p>\n<p><strong>NATURAL LOOK biopolimerowy booster ultra-\u0142agodz\u0105cy\u2122<br \/>\nLinia: KOBIETA W MIE\u015aCIE<\/strong><\/p>\n<p>Krem nawil\u017caj\u0105co-uj\u0119drniaj\u0105cy<\/p>\n<p><!--StartFragment-->#\u017cyciewmie\u015bcie #ultranawil\u017cenie #traczaochronna #sk\u00f3raodwodniona<!--EndFragment--><\/p>\n<p>Miasto nigdy nie \u015bpi, wi\u0119c i nasza sk\u00f3ra nie mo\u017ce pozwoli\u0107 sobie na odpoczynek bez odpowiedniej piel\u0119gnacji. Otulaj\u0105cy krem utrzymuje efekt nawil\u017cenia przez 24h.<strong><br \/>\n<\/strong><\/p>\n<p><strong>Dla kogo jest ten produkt?<\/strong> Dla sk\u00f3ry zm\u0119czonej, kt\u00f3ra zmaga si\u0119 z odwodnieniem, sucho\u015bci\u0105 i stresem. Spragnionej natychmiastowego nawil\u017cenia i blasku.<\/p>\n<p>Kosmetyk dla ka\u017cdego typu cery, kt\u00f3ry dostosowuje si\u0119 do Twojego miejskiego stylu \u017cycia. Innowacyjna formu\u0142a PatcH2O\u2122, stopniowo uwalniana z mikrosieci do warstwy rogowej nask\u00f3rka, zapewnia d\u0142ugotrwa\u0142e i wielopoziomowe nawil\u017cenie sk\u00f3ry. Po\u0142\u0105czenie kompleks\u00f3w <strong>kwasu hialuronowego i hydromocznika<\/strong> spowalnia proces starzenia si\u0119 sk\u00f3ry, nadaj\u0105c jej j\u0119drno\u015b\u0107 i elastyczno\u015b\u0107. Olej szafranowy od\u017cywia i wyg\u0142adza zm\u0119czon\u0105 sk\u00f3r\u0119 twarzy, a opatentowany\u00a0<strong>biopolimer DIBUSHIELD PRO-HEAL\u2122<\/strong> tworzy na powierzchni sk\u00f3ry siateczk\u0119 3D zabezpieczaj\u0105c\u0105 przed niekorzystnymi czynnikami \u015brodowiska takimi jak wolne rodniki, smog, promieniowanie UV, chroni\u0105c sk\u00f3r\u0119 i spowalniaj\u0105c procesy starzenia.<\/p>\n<p>Efekt dla Ciebie: ultra-nawil\u017cona, j\u0119drna i chroniona sk\u00f3ra \u2013 gotowa na komplementy.<\/p>\n<p>Spos\u00f3b u\u017cycia: niewielk\u0105 ilo\u015b\u0107 kremu nanie\u015b na oczyszczon\u0105 sk\u00f3r\u0119 twarzy, szyi i dekoltu. Delikatnie wmasuj do wch\u0142oni\u0119cia. Stosuj rano i wieczorem.<\/p>\n<p><!--StartFragment--> <strong>Sk\u0142ad:<\/strong> Aqua (Water), Isostearyl Isostearate, Glycerin, Dietylamino Hydroxybenzoyl Hexyl Benzoate, Dicaprylyl Carbonate, Isopropyl Isostearate, Isopropyl Myristate, Polyglyceryl-6 Stearate, Ethylhexyl Triazone, Hydroxyethyl Urea, Pentylene Glycol, Carthamus Tinctorius Seed Oil, Cetearyl Alcohol, Glyceryl Stearate, Myristyl Myristate, Bis-Ethylhexyloxyphenol Methoxyphenyl Triazine, Hyaluronic Acid, Panthenol, Biosaccharide Gum-4, Trehalose, Urea, Sodium Hyaluronate, Pullulan, Ceramide NP, Ceramide AP, Ceramide EOP, Chitin Dibutanoate, Phytosphingosine, Cholesterol, Allantoin, Tocopherol, Beta-Sitosterol, Squalene, Glycine Soja Oil, Ascorbyl Palmitate, Polyglyceryl-6 Behenate, Sodium Lauroyl Lactylate, Carbomer, Xanthan Gum, Disodium EDTA, Phenoxyethanol, Ethylhexylglycerin, Lecithin, Propylene Glycol, Hydrogenated Vegetable Glycerides Citrate, Polyacrylate Crosspolymer-6, Hydroxyacetophenone, Triethyl Citrate, Serine, Algin, Glyceryl Polyacrylate, Caprylyl Glycol, Disodium Phosphate, Potassium Phosphate, Parfum (Fragrance)..<!--EndFragment--><\/p>\n<p><!--EndFragment--><\/p>\n","protected":false},"excerpt":{"rendered":"<p>W dn. 28.04-31.05 przy zakupie kremu z serii SHECELL Dermatologic otrzymasz zawieszk\u0119 z serduszkiem Swarovskiego GRATIS. Kolory zawieszek s\u0105 dobierane losowo, a produkty dodawane s\u0105 automatycznie do koszyka. Dystrybutor:\u00a0Przedsi\u0119biorstwo Farmaceutyczne LEK-AM SP.Z O.O Pojemno\u015b\u0107: 40 ml NATURAL LOOK biopolimerowy booster ultra-\u0142agodz\u0105cy\u2122 Linia: KOBIETA W MIE\u015aCIE Krem nawil\u017caj\u0105co-uj\u0119drniaj\u0105cy #\u017cyciewmie\u015bcie #ultranawil\u017cenie #traczaochronna #sk\u00f3raodwodniona Miasto nigdy nie \u015bpi, &hellip;<\/p>\n<p class=\"read-more\"> <a class=\"\" href=\"https:\/\/celther.com\/index.php\/produkt\/shecell-dermatologic-skora-odwodniona\/\"> <span class=\"screen-reader-text\">Shecell dermatologic SK\u00d3RA ODWODNIONA<\/span> Read More &raquo;<\/a><\/p>\n","protected":false},"featured_media":1065,"template":"","meta":[],"product_cat":[44],"product_tag":[],"_links":{"self":[{"href":"https:\/\/celther.com\/index.php\/wp-json\/wp\/v2\/product\/488"}],"collection":[{"href":"https:\/\/celther.com\/index.php\/wp-json\/wp\/v2\/product"}],"about":[{"href":"https:\/\/celther.com\/index.php\/wp-json\/wp\/v2\/types\/product"}],"version-history":[{"count":0,"href":"https:\/\/celther.com\/index.php\/wp-json\/wp\/v2\/product\/488\/revisions"}],"wp:featuredmedia":[{"embeddable":true,"href":"https:\/\/celther.com\/index.php\/wp-json\/wp\/v2\/media\/1065"}],"wp:attachment":[{"href":"https:\/\/celther.com\/index.php\/wp-json\/wp\/v2\/media?parent=488"}],"wp:term":[{"taxonomy":"product_cat","embeddable":true,"href":"https:\/\/celther.com\/index.php\/wp-json\/wp\/v2\/product_cat?post=488"},{"taxonomy":"product_tag","embeddable":true,"href":"https:\/\/celther.com\/index.php\/wp-json\/wp\/v2\/product_tag?post=488"}],"curies":[{"name":"wp","href":"https:\/\/api.w.org\/{rel}","templated":true}]}}