{"id":487,"date":"2021-05-25T11:01:51","date_gmt":"2021-05-25T11:01:51","guid":{"rendered":"http:\/\/celther.home.pl\/wwwcelther\/index.php\/produkt\/shecell-dermatologic-skora-naczynkowa\/"},"modified":"2021-07-22T09:30:52","modified_gmt":"2021-07-22T09:30:52","slug":"shecell-dermatologic-skora-naczynkowa","status":"publish","type":"product","link":"https:\/\/celther.com\/index.php\/produkt\/shecell-dermatologic-skora-naczynkowa\/","title":{"rendered":"Shecell dermatologic SK\u00d3RA NACZYNKOWA"},"content":{"rendered":"<p><strong><!--StartFragment--><strong>W dn. 28.04-31.05 przy zakupie kremu z serii SHECELL Dermatologic otrzymasz zawieszk\u0119 z serduszkiem Swarovskiego GRATIS.<br \/>\nKolory zawieszek s\u0105 dobierane losowo, a produkty dodawane s\u0105 automatycznie do koszyka.<\/strong><\/strong><\/p>\n<p><strong><strong>Dystrybutor<\/strong><!--EndFragment--><strong><strong>: <\/strong><\/strong><\/strong>Przedsi\u0119biorstwo Farmaceutyczne LEK-AM SP.Z O.O<strong><strong><strong><br \/>\nPojemno\u015b\u0107: <\/strong><\/strong><\/strong>40 ml<\/p>\n<p><strong>BEAUTY LOOK biopolimerowy krem ultra-uelastyczniaj\u0105cy\u2122<br \/>\nLinia: KOBIETA W MIE\u015aCIE<\/strong><\/p>\n<p><strong>Krem ultra-uelastyczniaj\u0105cy<\/strong><\/p>\n<p>#\u017cyciewmie\u015bcie #ultraelastycznenaczynka #tarczaochronna #sk\u00f3ranaczynkowa #maskowanienaczynek<\/p>\n<p>Miasto nigdy nie \u015bpi, wi\u0119c i nasza sk\u00f3ra nie mo\u017ce pozwoli\u0107 sobie na odpoczynek bez odpowiedniej\u00a0piel\u0119gnacji. Otulaj\u0105cy krem wzmacniaj\u0105cy i kryj\u0105cy naczynka przez 24h.<\/p>\n<p><strong>Dla kogo jest ten produkt? <\/strong><br \/>\nDla sk\u00f3ry naczynkowej, kt\u00f3ra zmaga si\u0119 z paj\u0105czkami, wra\u017cliwo\u015bci\u0105 i\u00a0stresem. Spragnionej natychmiastowego dzia\u0142ania na os\u0142abione naczynia w\u0142osowate.<\/p>\n<p>Kosmetyk dla cery naczynkowej, kt\u00f3ry dostosowuje si\u0119 do Twojego miejskiego stylu \u017cycia. Innowacyjna formu\u0142a <strong>Biophytex\u2122 <\/strong>fito-kompleks, kt\u00f3ra pobudza mikrokr\u0105\u017cenie oraz zapewnia odpowiedni\u0105 <strong>mikrocyrkulacj\u0119 <\/strong>naczy\u0144 w\u0142osowatych. Po\u0142\u0105czenie kompleks\u00f3w trokserutyny, pochodnej witaminy C oraz oleju z pachnotki wzmacnia \u015bciany naczy\u0144, tworz\u0105c je bardziej elastyczne i od\u017cywione. Opatentowany <strong>biopolimer DIBUSHIELD PRO-HEAL\u2122 <\/strong>tworzy na powierzchni sk\u00f3ry siateczk\u0119 3D zabezpieczaj\u0105c\u0105 przed niekorzystnymi czynnikami \u015brodowiska takimi jak wolne rodniki, smog, promieniowanie UV, chroni\u0105c sk\u00f3r\u0119 i spowalniaj\u0105c procesy starzenia. Zawarty w kremie<strong> Optisol\u2122 OTP-1 <\/strong>skutecznie wyr\u00f3wnuje koloryt sk\u00f3ry, kryj\u0105c ju\u017c istniej\u0105ce naczynka.<\/p>\n<p><strong>Efekt dla Ciebie: <\/strong>ultra-elastyczna, j\u0119drna i chroniona sk\u00f3ra \u2013 gotowa na komplementy.<\/p>\n<p><strong>Spos\u00f3b u\u017cycia: <\/strong>niewielk\u0105 ilo\u015b\u0107 kremu nanie\u015b na oczyszczon\u0105 sk\u00f3r\u0119 twarzy, szyi i dekoltu. Delikatnie wmasuj do wch\u0142oni\u0119cia. Stosuj rano i wieczorem.<\/p>\n<p><strong>Sk\u0142ad:<\/strong> Aqua (Water), Isostearyl Isostearate, Titanium Dioxide, Dietyloamino Hydroxybenzoyl Hexyl Benzoate, Glycerin, Dicaprylyl Carbonate, Glyceryl Stearate, Isopropyl Isostearate, Isopropyl Myristate, Polyglyceryl-6 Stearate, Ethylhexyl Triazone, Butylene Glycol, Cetearyl Alcohol, Perilla Ocymoides Seed Oil, Pentylene Glycol, Myristyl Myristate, Bis-Ethylhexyloxyphenol Methoxyphenyl Triazine, Troxerutin, Ascorbyl Glucoside, Escin, Hyaluronic Acid, Ruscus Aculeatus Root Extract, Ammonium Glycyrrhizate, Centella Asiatica Leaf Extract, Calendula Officinalis Flower Extract, Panthenol, Biosaccharide Gum-4, Chitin Dibutanoate, Allantoin, Polyglyceryl-6 Behenate, Polyacrylate Crosspolymer-6, Tocopherol, Beta-Sitosterol, Squalene, Glycine Soja Oil, Ascorbyl Palmitate, Lecithin, Propylene Glycol, Hydrogenated Vegetable Glycerides Citrate, Hydrolyzed Yeast Protein, Sodium Citrate, Manganese Oxide, Hydroxyacetophenone, Phenoxyethanol, Disodium EDTA, Parfum (Fragrance).<\/p>\n","protected":false},"excerpt":{"rendered":"<p>W dn. 28.04-31.05 przy zakupie kremu z serii SHECELL Dermatologic otrzymasz zawieszk\u0119 z serduszkiem Swarovskiego GRATIS. Kolory zawieszek s\u0105 dobierane losowo, a produkty dodawane s\u0105 automatycznie do koszyka. Dystrybutor: Przedsi\u0119biorstwo Farmaceutyczne LEK-AM SP.Z O.O Pojemno\u015b\u0107: 40 ml BEAUTY LOOK biopolimerowy krem ultra-uelastyczniaj\u0105cy\u2122 Linia: KOBIETA W MIE\u015aCIE Krem ultra-uelastyczniaj\u0105cy #\u017cyciewmie\u015bcie #ultraelastycznenaczynka #tarczaochronna #sk\u00f3ranaczynkowa #maskowanienaczynek Miasto nigdy &hellip;<\/p>\n<p class=\"read-more\"> <a class=\"\" href=\"https:\/\/celther.com\/index.php\/produkt\/shecell-dermatologic-skora-naczynkowa\/\"> <span class=\"screen-reader-text\">Shecell dermatologic SK\u00d3RA NACZYNKOWA<\/span> Read More &raquo;<\/a><\/p>\n","protected":false},"featured_media":463,"template":"","meta":[],"product_cat":[44],"product_tag":[],"_links":{"self":[{"href":"https:\/\/celther.com\/index.php\/wp-json\/wp\/v2\/product\/487"}],"collection":[{"href":"https:\/\/celther.com\/index.php\/wp-json\/wp\/v2\/product"}],"about":[{"href":"https:\/\/celther.com\/index.php\/wp-json\/wp\/v2\/types\/product"}],"version-history":[{"count":0,"href":"https:\/\/celther.com\/index.php\/wp-json\/wp\/v2\/product\/487\/revisions"}],"wp:featuredmedia":[{"embeddable":true,"href":"https:\/\/celther.com\/index.php\/wp-json\/wp\/v2\/media\/463"}],"wp:attachment":[{"href":"https:\/\/celther.com\/index.php\/wp-json\/wp\/v2\/media?parent=487"}],"wp:term":[{"taxonomy":"product_cat","embeddable":true,"href":"https:\/\/celther.com\/index.php\/wp-json\/wp\/v2\/product_cat?post=487"},{"taxonomy":"product_tag","embeddable":true,"href":"https:\/\/celther.com\/index.php\/wp-json\/wp\/v2\/product_tag?post=487"}],"curies":[{"name":"wp","href":"https:\/\/api.w.org\/{rel}","templated":true}]}}